{"id":1660,"date":"2025-01-14T15:34:43","date_gmt":"2025-01-14T14:34:43","guid":{"rendered":"https:\/\/www.at2serveis.com\/projecte\/palau-de-justicia-girona\/"},"modified":"2025-02-18T13:46:04","modified_gmt":"2025-02-18T12:46:04","slug":"palau-de-justicia-girona","status":"publish","type":"projecte","link":"https:\/\/www.at2serveis.com\/es\/proyecto\/palau-de-justicia-girona\/","title":{"rendered":"Palau de Just\u00edcia Girona"},"content":{"rendered":"<p>AT2 Serveis se encarg\u00f3 de la <strong>direcci\u00f3n, control de calidad, y la coordinaci\u00f3n de Seguridad y Salud<\/strong> de la obra. El edificio localizado en el Paseo de la Devesa con una superficie de 15.764 m2, est\u00e1 dise\u00f1ado por el arquitecto Jordi Bosch Tarr\u00fas.<\/p>\n","protected":false},"featured_media":1438,"parent":0,"template":"","meta":{"_acf_changed":false,"neve_meta_sidebar":"","neve_meta_container":"","neve_meta_enable_content_width":"","neve_meta_content_width":0,"neve_meta_title_alignment":"","neve_meta_author_avatar":"","neve_post_elements_order":"","neve_meta_disable_header":"","neve_meta_disable_footer":"","neve_meta_disable_title":"","footnotes":""},"tipologia-de-projecte":[11],"class_list":["post-1660","projecte","type-projecte","status-publish","has-post-thumbnail","hentry","tipologia-de-projecte-publica-concurrencia"],"acf":[],"yoast_head":"<!-- This site is optimized with the Yoast SEO plugin v25.5 - https:\/\/yoast.com\/wordpress\/plugins\/seo\/ -->\n<title>Proyecto Palau de Just\u00edcia Girona | AT2 SERVEIS<\/title>\n<meta name=\"description\" content=\"AT2 Serveis es va encarregar de la direcci\u00f3, control de qualitat, i la coordinaci\u00f3 de Seguretat i Salut de l&#039;obra.\" \/>\n<meta name=\"robots\" content=\"index, follow, max-snippet:-1, max-image-preview:large, max-video-preview:-1\" \/>\n<link rel=\"canonical\" href=\"https:\/\/www.at2serveis.com\/es\/proyecto\/palau-de-justicia-girona\/\" \/>\n<meta property=\"og:locale\" content=\"es_ES\" \/>\n<meta property=\"og:type\" content=\"article\" \/>\n<meta property=\"og:title\" content=\"Proyecto Palau de Just\u00edcia Girona | AT2 SERVEIS\" \/>\n<meta property=\"og:description\" content=\"AT2 Serveis es va encarregar de la direcci\u00f3, control de qualitat, i la coordinaci\u00f3 de Seguretat i Salut de l&#039;obra.\" \/>\n<meta property=\"og:url\" content=\"https:\/\/www.at2serveis.com\/es\/proyecto\/palau-de-justicia-girona\/\" \/>\n<meta property=\"og:site_name\" content=\"AT2 SERVEIS\" \/>\n<meta property=\"article:modified_time\" content=\"2025-02-18T12:46:04+00:00\" \/>\n<meta property=\"og:image\" content=\"https:\/\/www.at2serveis.com\/wp-content\/uploads\/2025\/01\/Palau-Justicia-00003.webp\" \/>\n\t<meta property=\"og:image:width\" content=\"1011\" \/>\n\t<meta property=\"og:image:height\" content=\"758\" \/>\n\t<meta property=\"og:image:type\" content=\"image\/webp\" \/>\n<meta name=\"twitter:card\" content=\"summary_large_image\" \/>\n<meta name=\"twitter:label1\" content=\"Tiempo de lectura\" \/>\n\t<meta name=\"twitter:data1\" content=\"1 minuto\" \/>\n<script type=\"application\/ld+json\" class=\"yoast-schema-graph\">{\"@context\":\"https:\/\/schema.org\",\"@graph\":[{\"@type\":\"WebPage\",\"@id\":\"https:\/\/www.at2serveis.com\/es\/proyecto\/palau-de-justicia-girona\/\",\"url\":\"https:\/\/www.at2serveis.com\/es\/proyecto\/palau-de-justicia-girona\/\",\"name\":\"Proyecto Palau de Just\u00edcia Girona | AT2 SERVEIS\",\"isPartOf\":{\"@id\":\"https:\/\/www.at2serveis.com\/es\/#website\"},\"primaryImageOfPage\":{\"@id\":\"https:\/\/www.at2serveis.com\/es\/proyecto\/palau-de-justicia-girona\/#primaryimage\"},\"image\":{\"@id\":\"https:\/\/www.at2serveis.com\/es\/proyecto\/palau-de-justicia-girona\/#primaryimage\"},\"thumbnailUrl\":\"https:\/\/www.at2serveis.com\/wp-content\/uploads\/2025\/01\/Palau-Justicia-00003.webp\",\"datePublished\":\"2025-01-14T14:34:43+00:00\",\"dateModified\":\"2025-02-18T12:46:04+00:00\",\"description\":\"AT2 Serveis es va encarregar de la direcci\u00f3, control de qualitat, i la coordinaci\u00f3 de Seguretat i Salut de l'obra.\",\"breadcrumb\":{\"@id\":\"https:\/\/www.at2serveis.com\/es\/proyecto\/palau-de-justicia-girona\/#breadcrumb\"},\"inLanguage\":\"es\",\"potentialAction\":[{\"@type\":\"ReadAction\",\"target\":[\"https:\/\/www.at2serveis.com\/es\/proyecto\/palau-de-justicia-girona\/\"]}]},{\"@type\":\"ImageObject\",\"inLanguage\":\"es\",\"@id\":\"https:\/\/www.at2serveis.com\/es\/proyecto\/palau-de-justicia-girona\/#primaryimage\",\"url\":\"https:\/\/www.at2serveis.com\/wp-content\/uploads\/2025\/01\/Palau-Justicia-00003.webp\",\"contentUrl\":\"https:\/\/www.at2serveis.com\/wp-content\/uploads\/2025\/01\/Palau-Justicia-00003.webp\",\"width\":1011,\"height\":758,\"caption\":\"Clinica Girona\"},{\"@type\":\"BreadcrumbList\",\"@id\":\"https:\/\/www.at2serveis.com\/es\/proyecto\/palau-de-justicia-girona\/#breadcrumb\",\"itemListElement\":[{\"@type\":\"ListItem\",\"position\":1,\"name\":\"Inici\",\"item\":\"https:\/\/www.at2serveis.com\/es\/home\/\"},{\"@type\":\"ListItem\",\"position\":2,\"name\":\"Projectes\",\"item\":\"https:\/\/www.at2serveis.com\/es\/proyecto\/\"},{\"@type\":\"ListItem\",\"position\":3,\"name\":\"Palau de Just\u00edcia Girona\"}]},{\"@type\":\"WebSite\",\"@id\":\"https:\/\/www.at2serveis.com\/es\/#website\",\"url\":\"https:\/\/www.at2serveis.com\/es\/\",\"name\":\"AT2 SERVEIS\",\"description\":\"Direcci\u00f3 i gesti\u00f3 d&#039;obra\",\"publisher\":{\"@id\":\"https:\/\/www.at2serveis.com\/es\/#organization\"},\"alternateName\":\"AT2 SERVEIS - Gesti\u00f3 en edificaci\u00f3\",\"potentialAction\":[{\"@type\":\"SearchAction\",\"target\":{\"@type\":\"EntryPoint\",\"urlTemplate\":\"https:\/\/www.at2serveis.com\/es\/?s={search_term_string}\"},\"query-input\":{\"@type\":\"PropertyValueSpecification\",\"valueRequired\":true,\"valueName\":\"search_term_string\"}}],\"inLanguage\":\"es\"},{\"@type\":\"Organization\",\"@id\":\"https:\/\/www.at2serveis.com\/es\/#organization\",\"name\":\"AT2 SERVEIS\",\"alternateName\":\"AT2 SERVEIS - Gesti\u00f3 en edificaci\u00f3\",\"url\":\"https:\/\/www.at2serveis.com\/es\/\",\"logo\":{\"@type\":\"ImageObject\",\"inLanguage\":\"es\",\"@id\":\"https:\/\/www.at2serveis.com\/es\/#\/schema\/logo\/image\/\",\"url\":\"https:\/\/www.at2serveis.com\/wp-content\/uploads\/2024\/11\/AT2-Serveis-Navicon.png\",\"contentUrl\":\"https:\/\/www.at2serveis.com\/wp-content\/uploads\/2024\/11\/AT2-Serveis-Navicon.png\",\"width\":512,\"height\":512,\"caption\":\"AT2 SERVEIS\"},\"image\":{\"@id\":\"https:\/\/www.at2serveis.com\/es\/#\/schema\/logo\/image\/\"}}]}<\/script>\n<!-- \/ Yoast SEO plugin. -->","yoast_head_json":{"title":"Proyecto Palau de Just\u00edcia Girona | AT2 SERVEIS","description":"AT2 Serveis es va encarregar de la direcci\u00f3, control de qualitat, i la coordinaci\u00f3 de Seguretat i Salut de l'obra.","robots":{"index":"index","follow":"follow","max-snippet":"max-snippet:-1","max-image-preview":"max-image-preview:large","max-video-preview":"max-video-preview:-1"},"canonical":"https:\/\/www.at2serveis.com\/es\/proyecto\/palau-de-justicia-girona\/","og_locale":"es_ES","og_type":"article","og_title":"Proyecto Palau de Just\u00edcia Girona | AT2 SERVEIS","og_description":"AT2 Serveis es va encarregar de la direcci\u00f3, control de qualitat, i la coordinaci\u00f3 de Seguretat i Salut de l'obra.","og_url":"https:\/\/www.at2serveis.com\/es\/proyecto\/palau-de-justicia-girona\/","og_site_name":"AT2 SERVEIS","article_modified_time":"2025-02-18T12:46:04+00:00","og_image":[{"width":1011,"height":758,"url":"https:\/\/www.at2serveis.com\/wp-content\/uploads\/2025\/01\/Palau-Justicia-00003.webp","type":"image\/webp"}],"twitter_card":"summary_large_image","twitter_misc":{"Tiempo de lectura":"1 minuto"},"schema":{"@context":"https:\/\/schema.org","@graph":[{"@type":"WebPage","@id":"https:\/\/www.at2serveis.com\/es\/proyecto\/palau-de-justicia-girona\/","url":"https:\/\/www.at2serveis.com\/es\/proyecto\/palau-de-justicia-girona\/","name":"Proyecto Palau de Just\u00edcia Girona | AT2 SERVEIS","isPartOf":{"@id":"https:\/\/www.at2serveis.com\/es\/#website"},"primaryImageOfPage":{"@id":"https:\/\/www.at2serveis.com\/es\/proyecto\/palau-de-justicia-girona\/#primaryimage"},"image":{"@id":"https:\/\/www.at2serveis.com\/es\/proyecto\/palau-de-justicia-girona\/#primaryimage"},"thumbnailUrl":"https:\/\/www.at2serveis.com\/wp-content\/uploads\/2025\/01\/Palau-Justicia-00003.webp","datePublished":"2025-01-14T14:34:43+00:00","dateModified":"2025-02-18T12:46:04+00:00","description":"AT2 Serveis es va encarregar de la direcci\u00f3, control de qualitat, i la coordinaci\u00f3 de Seguretat i Salut de l'obra.","breadcrumb":{"@id":"https:\/\/www.at2serveis.com\/es\/proyecto\/palau-de-justicia-girona\/#breadcrumb"},"inLanguage":"es","potentialAction":[{"@type":"ReadAction","target":["https:\/\/www.at2serveis.com\/es\/proyecto\/palau-de-justicia-girona\/"]}]},{"@type":"ImageObject","inLanguage":"es","@id":"https:\/\/www.at2serveis.com\/es\/proyecto\/palau-de-justicia-girona\/#primaryimage","url":"https:\/\/www.at2serveis.com\/wp-content\/uploads\/2025\/01\/Palau-Justicia-00003.webp","contentUrl":"https:\/\/www.at2serveis.com\/wp-content\/uploads\/2025\/01\/Palau-Justicia-00003.webp","width":1011,"height":758,"caption":"Clinica Girona"},{"@type":"BreadcrumbList","@id":"https:\/\/www.at2serveis.com\/es\/proyecto\/palau-de-justicia-girona\/#breadcrumb","itemListElement":[{"@type":"ListItem","position":1,"name":"Inici","item":"https:\/\/www.at2serveis.com\/es\/home\/"},{"@type":"ListItem","position":2,"name":"Projectes","item":"https:\/\/www.at2serveis.com\/es\/proyecto\/"},{"@type":"ListItem","position":3,"name":"Palau de Just\u00edcia Girona"}]},{"@type":"WebSite","@id":"https:\/\/www.at2serveis.com\/es\/#website","url":"https:\/\/www.at2serveis.com\/es\/","name":"AT2 SERVEIS","description":"Direcci\u00f3 i gesti\u00f3 d&#039;obra","publisher":{"@id":"https:\/\/www.at2serveis.com\/es\/#organization"},"alternateName":"AT2 SERVEIS - Gesti\u00f3 en edificaci\u00f3","potentialAction":[{"@type":"SearchAction","target":{"@type":"EntryPoint","urlTemplate":"https:\/\/www.at2serveis.com\/es\/?s={search_term_string}"},"query-input":{"@type":"PropertyValueSpecification","valueRequired":true,"valueName":"search_term_string"}}],"inLanguage":"es"},{"@type":"Organization","@id":"https:\/\/www.at2serveis.com\/es\/#organization","name":"AT2 SERVEIS","alternateName":"AT2 SERVEIS - Gesti\u00f3 en edificaci\u00f3","url":"https:\/\/www.at2serveis.com\/es\/","logo":{"@type":"ImageObject","inLanguage":"es","@id":"https:\/\/www.at2serveis.com\/es\/#\/schema\/logo\/image\/","url":"https:\/\/www.at2serveis.com\/wp-content\/uploads\/2024\/11\/AT2-Serveis-Navicon.png","contentUrl":"https:\/\/www.at2serveis.com\/wp-content\/uploads\/2024\/11\/AT2-Serveis-Navicon.png","width":512,"height":512,"caption":"AT2 SERVEIS"},"image":{"@id":"https:\/\/www.at2serveis.com\/es\/#\/schema\/logo\/image\/"}}]}},"_links":{"self":[{"href":"https:\/\/www.at2serveis.com\/es\/wp-json\/wp\/v2\/projecte\/1660","targetHints":{"allow":["GET"]}}],"collection":[{"href":"https:\/\/www.at2serveis.com\/es\/wp-json\/wp\/v2\/projecte"}],"about":[{"href":"https:\/\/www.at2serveis.com\/es\/wp-json\/wp\/v2\/types\/projecte"}],"version-history":[{"count":1,"href":"https:\/\/www.at2serveis.com\/es\/wp-json\/wp\/v2\/projecte\/1660\/revisions"}],"predecessor-version":[{"id":1804,"href":"https:\/\/www.at2serveis.com\/es\/wp-json\/wp\/v2\/projecte\/1660\/revisions\/1804"}],"wp:featuredmedia":[{"embeddable":true,"href":"https:\/\/www.at2serveis.com\/es\/wp-json\/wp\/v2\/media\/1438"}],"wp:attachment":[{"href":"https:\/\/www.at2serveis.com\/es\/wp-json\/wp\/v2\/media?parent=1660"}],"wp:term":[{"taxonomy":"tipologia-de-projecte","embeddable":true,"href":"https:\/\/www.at2serveis.com\/es\/wp-json\/wp\/v2\/tipologia-de-projecte?post=1660"}],"curies":[{"name":"wp","href":"https:\/\/api.w.org\/{rel}","templated":true}]}}

Palau de Justícia Girona

<p>AT2 Serveis se encargó de la <strong>dirección, control de calidad, y la coordinación de Seguridad y Salud</strong> de la obra. El edificio localizado en el Paseo de la Devesa con una superficie de 15.764 m2, está diseñado por el arquitecto Jordi Bosch Tarrús.</p>

<!-- This site is optimized with the Yoast SEO plugin v25.5 - https://yoast.com/wordpress/plugins/seo/ -->
<title>Proyecto Palau de Justícia Girona | AT2 SERVEIS</title>
<meta name="description" content="AT2 Serveis es va encarregar de la direcció, control de qualitat, i la coordinació de Seguretat i Salut de l&#039;obra." />
<meta name="robots" content="index, follow, max-snippet:-1, max-image-preview:large, max-video-preview:-1" />
<link rel="canonical" href="https://www.at2serveis.com/es/proyecto/palau-de-justicia-girona/" />
<meta property="og:locale" content="es_ES" />
<meta property="og:type" content="article" />
<meta property="og:title" content="Proyecto Palau de Justícia Girona | AT2 SERVEIS" />
<meta property="og:description" content="AT2 Serveis es va encarregar de la direcció, control de qualitat, i la coordinació de Seguretat i Salut de l&#039;obra." />
<meta property="og:url" content="https://www.at2serveis.com/es/proyecto/palau-de-justicia-girona/" />
<meta property="og:site_name" content="AT2 SERVEIS" />
<meta property="article:modified_time" content="2025-02-18T12:46:04+00:00" />
<meta property="og:image" content="https://www.at2serveis.com/wp-content/uploads/2025/01/Palau-Justicia-00003.webp" />
	<meta property="og:image:width" content="1011" />
	<meta property="og:image:height" content="758" />
	<meta property="og:image:type" content="image/webp" />
<meta name="twitter:card" content="summary_large_image" />
<meta name="twitter:label1" content="Tiempo de lectura" />
	<meta name="twitter:data1" content="1 minuto" />
<script type="application/ld+json" class="yoast-schema-graph">{"@context":"https://schema.org","@graph":[{"@type":"WebPage","@id":"https://www.at2serveis.com/es/proyecto/palau-de-justicia-girona/","url":"https://www.at2serveis.com/es/proyecto/palau-de-justicia-girona/","name":"Proyecto Palau de Justícia Girona | AT2 SERVEIS","isPartOf":{"@id":"https://www.at2serveis.com/es/#website"},"primaryImageOfPage":{"@id":"https://www.at2serveis.com/es/proyecto/palau-de-justicia-girona/#primaryimage"},"image":{"@id":"https://www.at2serveis.com/es/proyecto/palau-de-justicia-girona/#primaryimage"},"thumbnailUrl":"https://www.at2serveis.com/wp-content/uploads/2025/01/Palau-Justicia-00003.webp","datePublished":"2025-01-14T14:34:43+00:00","dateModified":"2025-02-18T12:46:04+00:00","description":"AT2 Serveis es va encarregar de la direcció, control de qualitat, i la coordinació de Seguretat i Salut de l'obra.","breadcrumb":{"@id":"https://www.at2serveis.com/es/proyecto/palau-de-justicia-girona/#breadcrumb"},"inLanguage":"es","potentialAction":[{"@type":"ReadAction","target":["https://www.at2serveis.com/es/proyecto/palau-de-justicia-girona/"]}]},{"@type":"ImageObject","inLanguage":"es","@id":"https://www.at2serveis.com/es/proyecto/palau-de-justicia-girona/#primaryimage","url":"https://www.at2serveis.com/wp-content/uploads/2025/01/Palau-Justicia-00003.webp","contentUrl":"https://www.at2serveis.com/wp-content/uploads/2025/01/Palau-Justicia-00003.webp","width":1011,"height":758,"caption":"Clinica Girona"},{"@type":"BreadcrumbList","@id":"https://www.at2serveis.com/es/proyecto/palau-de-justicia-girona/#breadcrumb","itemListElement":[{"@type":"ListItem","position":1,"name":"Inici","item":"https://www.at2serveis.com/es/home/"},{"@type":"ListItem","position":2,"name":"Projectes","item":"https://www.at2serveis.com/es/proyecto/"},{"@type":"ListItem","position":3,"name":"Palau de Justícia Girona"}]},{"@type":"WebSite","@id":"https://www.at2serveis.com/es/#website","url":"https://www.at2serveis.com/es/","name":"AT2 SERVEIS","description":"Direcció i gestió d&#039;obra","publisher":{"@id":"https://www.at2serveis.com/es/#organization"},"alternateName":"AT2 SERVEIS - Gestió en edificació","potentialAction":[{"@type":"SearchAction","target":{"@type":"EntryPoint","urlTemplate":"https://www.at2serveis.com/es/?s={search_term_string}"},"query-input":{"@type":"PropertyValueSpecification","valueRequired":true,"valueName":"search_term_string"}}],"inLanguage":"es"},{"@type":"Organization","@id":"https://www.at2serveis.com/es/#organization","name":"AT2 SERVEIS","alternateName":"AT2 SERVEIS - Gestió en edificació","url":"https://www.at2serveis.com/es/","logo":{"@type":"ImageObject","inLanguage":"es","@id":"https://www.at2serveis.com/es/#/schema/logo/image/","url":"https://www.at2serveis.com/wp-content/uploads/2024/11/AT2-Serveis-Navicon.png","contentUrl":"https://www.at2serveis.com/wp-content/uploads/2024/11/AT2-Serveis-Navicon.png","width":512,"height":512,"caption":"AT2 SERVEIS"},"image":{"@id":"https://www.at2serveis.com/es/#/schema/logo/image/"}}]}</script>
<!-- / Yoast SEO plugin. -->

Proyecto Palau de Justícia Girona | AT2 SERVEIS

AT2 Serveis es va encarregar de la direcció, control de qualitat, i la coordinació de Seguretat i Salut de l'obra.

Direcció i gestió d&#039;obra

AT2 SERVEIS - Gestió en edificació
