{"id":1670,"date":"2025-01-15T11:56:03","date_gmt":"2025-01-15T10:56:03","guid":{"rendered":"https:\/\/www.at2serveis.com\/projecte\/centro-logistico-tradeinn\/"},"modified":"2025-02-18T13:28:03","modified_gmt":"2025-02-18T12:28:03","slug":"centro-logistico-tradeinn","status":"publish","type":"projecte","link":"https:\/\/www.at2serveis.com\/es\/proyecto\/centro-logistico-tradeinn\/","title":{"rendered":"Centro Log\u00edstico TradeInn"},"content":{"rendered":"<p>AT2 Serveis se encarg\u00f3 de la <strong>direcci\u00f3n y gesti\u00f3n de obra, el proyecto de reforma, el proyecto medioambiental de actividades y el proyecto contra incendios<\/strong>. Este centro, localizado en Celr\u00e0, cuenta con una superficie de 12.000 m2.<\/p>\n","protected":false},"featured_media":1502,"parent":0,"template":"","meta":{"_acf_changed":false,"neve_meta_sidebar":"","neve_meta_container":"","neve_meta_enable_content_width":"","neve_meta_content_width":0,"neve_meta_title_alignment":"","neve_meta_author_avatar":"","neve_post_elements_order":"","neve_meta_disable_header":"","neve_meta_disable_footer":"","neve_meta_disable_title":"","footnotes":""},"tipologia-de-projecte":[14],"class_list":["post-1670","projecte","type-projecte","status-publish","has-post-thumbnail","hentry","tipologia-de-projecte-edificis-industrials"],"acf":[],"yoast_head":"<!-- This site is optimized with the Yoast SEO plugin v25.5 - https:\/\/yoast.com\/wordpress\/plugins\/seo\/ -->\n<title>Proyecto Centro Log\u00edstico TradeInn | AT2 SERVEIS<\/title>\n<meta name=\"description\" content=\"AT2 Serveis ha realizado la direcci\u00f3n y gesti\u00f3n de obra, proyecto de reforma, proyecto medioambiental de actividades y proyecto contra incendios.\" \/>\n<meta name=\"robots\" content=\"index, follow, max-snippet:-1, max-image-preview:large, max-video-preview:-1\" \/>\n<link rel=\"canonical\" href=\"https:\/\/www.at2serveis.com\/es\/proyecto\/centro-logistico-tradeinn\/\" \/>\n<meta property=\"og:locale\" content=\"es_ES\" \/>\n<meta property=\"og:type\" content=\"article\" \/>\n<meta property=\"og:title\" content=\"Proyecto Centro Log\u00edstico TradeInn | AT2 SERVEIS\" \/>\n<meta property=\"og:description\" content=\"AT2 Serveis ha realizado la direcci\u00f3n y gesti\u00f3n de obra, proyecto de reforma, proyecto medioambiental de actividades y proyecto contra incendios.\" \/>\n<meta property=\"og:url\" content=\"https:\/\/www.at2serveis.com\/es\/proyecto\/centro-logistico-tradeinn\/\" \/>\n<meta property=\"og:site_name\" content=\"AT2 SERVEIS\" \/>\n<meta property=\"article:modified_time\" content=\"2025-02-18T12:28:03+00:00\" \/>\n<meta property=\"og:image\" content=\"https:\/\/www.at2serveis.com\/wp-content\/uploads\/2025\/01\/Centre-logistic-TradeInn-00005.webp\" \/>\n\t<meta property=\"og:image:width\" content=\"1011\" \/>\n\t<meta property=\"og:image:height\" content=\"758\" \/>\n\t<meta property=\"og:image:type\" content=\"image\/webp\" \/>\n<meta name=\"twitter:card\" content=\"summary_large_image\" \/>\n<meta name=\"twitter:label1\" content=\"Tiempo de lectura\" \/>\n\t<meta name=\"twitter:data1\" content=\"1 minuto\" \/>\n<script type=\"application\/ld+json\" class=\"yoast-schema-graph\">{\"@context\":\"https:\/\/schema.org\",\"@graph\":[{\"@type\":\"WebPage\",\"@id\":\"https:\/\/www.at2serveis.com\/es\/proyecto\/centro-logistico-tradeinn\/\",\"url\":\"https:\/\/www.at2serveis.com\/es\/proyecto\/centro-logistico-tradeinn\/\",\"name\":\"Proyecto Centro Log\u00edstico TradeInn | AT2 SERVEIS\",\"isPartOf\":{\"@id\":\"https:\/\/www.at2serveis.com\/es\/#website\"},\"primaryImageOfPage\":{\"@id\":\"https:\/\/www.at2serveis.com\/es\/proyecto\/centro-logistico-tradeinn\/#primaryimage\"},\"image\":{\"@id\":\"https:\/\/www.at2serveis.com\/es\/proyecto\/centro-logistico-tradeinn\/#primaryimage\"},\"thumbnailUrl\":\"https:\/\/www.at2serveis.com\/wp-content\/uploads\/2025\/01\/Centre-logistic-TradeInn-00005.webp\",\"datePublished\":\"2025-01-15T10:56:03+00:00\",\"dateModified\":\"2025-02-18T12:28:03+00:00\",\"description\":\"AT2 Serveis ha realizado la direcci\u00f3n y gesti\u00f3n de obra, proyecto de reforma, proyecto medioambiental de actividades y proyecto contra incendios.\",\"breadcrumb\":{\"@id\":\"https:\/\/www.at2serveis.com\/es\/proyecto\/centro-logistico-tradeinn\/#breadcrumb\"},\"inLanguage\":\"es\",\"potentialAction\":[{\"@type\":\"ReadAction\",\"target\":[\"https:\/\/www.at2serveis.com\/es\/proyecto\/centro-logistico-tradeinn\/\"]}]},{\"@type\":\"ImageObject\",\"inLanguage\":\"es\",\"@id\":\"https:\/\/www.at2serveis.com\/es\/proyecto\/centro-logistico-tradeinn\/#primaryimage\",\"url\":\"https:\/\/www.at2serveis.com\/wp-content\/uploads\/2025\/01\/Centre-logistic-TradeInn-00005.webp\",\"contentUrl\":\"https:\/\/www.at2serveis.com\/wp-content\/uploads\/2025\/01\/Centre-logistic-TradeInn-00005.webp\",\"width\":1011,\"height\":758,\"caption\":\"Centre logistic TradeInn\"},{\"@type\":\"BreadcrumbList\",\"@id\":\"https:\/\/www.at2serveis.com\/es\/proyecto\/centro-logistico-tradeinn\/#breadcrumb\",\"itemListElement\":[{\"@type\":\"ListItem\",\"position\":1,\"name\":\"Inici\",\"item\":\"https:\/\/www.at2serveis.com\/es\/home\/\"},{\"@type\":\"ListItem\",\"position\":2,\"name\":\"Projectes\",\"item\":\"https:\/\/www.at2serveis.com\/es\/proyecto\/\"},{\"@type\":\"ListItem\",\"position\":3,\"name\":\"Centro Log\u00edstico TradeInn\"}]},{\"@type\":\"WebSite\",\"@id\":\"https:\/\/www.at2serveis.com\/es\/#website\",\"url\":\"https:\/\/www.at2serveis.com\/es\/\",\"name\":\"AT2 SERVEIS\",\"description\":\"Direcci\u00f3 i gesti\u00f3 d&#039;obra\",\"publisher\":{\"@id\":\"https:\/\/www.at2serveis.com\/es\/#organization\"},\"alternateName\":\"AT2 SERVEIS - Gesti\u00f3 en edificaci\u00f3\",\"potentialAction\":[{\"@type\":\"SearchAction\",\"target\":{\"@type\":\"EntryPoint\",\"urlTemplate\":\"https:\/\/www.at2serveis.com\/es\/?s={search_term_string}\"},\"query-input\":{\"@type\":\"PropertyValueSpecification\",\"valueRequired\":true,\"valueName\":\"search_term_string\"}}],\"inLanguage\":\"es\"},{\"@type\":\"Organization\",\"@id\":\"https:\/\/www.at2serveis.com\/es\/#organization\",\"name\":\"AT2 SERVEIS\",\"alternateName\":\"AT2 SERVEIS - Gesti\u00f3 en edificaci\u00f3\",\"url\":\"https:\/\/www.at2serveis.com\/es\/\",\"logo\":{\"@type\":\"ImageObject\",\"inLanguage\":\"es\",\"@id\":\"https:\/\/www.at2serveis.com\/es\/#\/schema\/logo\/image\/\",\"url\":\"https:\/\/www.at2serveis.com\/wp-content\/uploads\/2024\/11\/AT2-Serveis-Navicon.png\",\"contentUrl\":\"https:\/\/www.at2serveis.com\/wp-content\/uploads\/2024\/11\/AT2-Serveis-Navicon.png\",\"width\":512,\"height\":512,\"caption\":\"AT2 SERVEIS\"},\"image\":{\"@id\":\"https:\/\/www.at2serveis.com\/es\/#\/schema\/logo\/image\/\"}}]}<\/script>\n<!-- \/ Yoast SEO plugin. -->","yoast_head_json":{"title":"Proyecto Centro Log\u00edstico TradeInn | AT2 SERVEIS","description":"AT2 Serveis ha realizado la direcci\u00f3n y gesti\u00f3n de obra, proyecto de reforma, proyecto medioambiental de actividades y proyecto contra incendios.","robots":{"index":"index","follow":"follow","max-snippet":"max-snippet:-1","max-image-preview":"max-image-preview:large","max-video-preview":"max-video-preview:-1"},"canonical":"https:\/\/www.at2serveis.com\/es\/proyecto\/centro-logistico-tradeinn\/","og_locale":"es_ES","og_type":"article","og_title":"Proyecto Centro Log\u00edstico TradeInn | AT2 SERVEIS","og_description":"AT2 Serveis ha realizado la direcci\u00f3n y gesti\u00f3n de obra, proyecto de reforma, proyecto medioambiental de actividades y proyecto contra incendios.","og_url":"https:\/\/www.at2serveis.com\/es\/proyecto\/centro-logistico-tradeinn\/","og_site_name":"AT2 SERVEIS","article_modified_time":"2025-02-18T12:28:03+00:00","og_image":[{"width":1011,"height":758,"url":"https:\/\/www.at2serveis.com\/wp-content\/uploads\/2025\/01\/Centre-logistic-TradeInn-00005.webp","type":"image\/webp"}],"twitter_card":"summary_large_image","twitter_misc":{"Tiempo de lectura":"1 minuto"},"schema":{"@context":"https:\/\/schema.org","@graph":[{"@type":"WebPage","@id":"https:\/\/www.at2serveis.com\/es\/proyecto\/centro-logistico-tradeinn\/","url":"https:\/\/www.at2serveis.com\/es\/proyecto\/centro-logistico-tradeinn\/","name":"Proyecto Centro Log\u00edstico TradeInn | AT2 SERVEIS","isPartOf":{"@id":"https:\/\/www.at2serveis.com\/es\/#website"},"primaryImageOfPage":{"@id":"https:\/\/www.at2serveis.com\/es\/proyecto\/centro-logistico-tradeinn\/#primaryimage"},"image":{"@id":"https:\/\/www.at2serveis.com\/es\/proyecto\/centro-logistico-tradeinn\/#primaryimage"},"thumbnailUrl":"https:\/\/www.at2serveis.com\/wp-content\/uploads\/2025\/01\/Centre-logistic-TradeInn-00005.webp","datePublished":"2025-01-15T10:56:03+00:00","dateModified":"2025-02-18T12:28:03+00:00","description":"AT2 Serveis ha realizado la direcci\u00f3n y gesti\u00f3n de obra, proyecto de reforma, proyecto medioambiental de actividades y proyecto contra incendios.","breadcrumb":{"@id":"https:\/\/www.at2serveis.com\/es\/proyecto\/centro-logistico-tradeinn\/#breadcrumb"},"inLanguage":"es","potentialAction":[{"@type":"ReadAction","target":["https:\/\/www.at2serveis.com\/es\/proyecto\/centro-logistico-tradeinn\/"]}]},{"@type":"ImageObject","inLanguage":"es","@id":"https:\/\/www.at2serveis.com\/es\/proyecto\/centro-logistico-tradeinn\/#primaryimage","url":"https:\/\/www.at2serveis.com\/wp-content\/uploads\/2025\/01\/Centre-logistic-TradeInn-00005.webp","contentUrl":"https:\/\/www.at2serveis.com\/wp-content\/uploads\/2025\/01\/Centre-logistic-TradeInn-00005.webp","width":1011,"height":758,"caption":"Centre logistic TradeInn"},{"@type":"BreadcrumbList","@id":"https:\/\/www.at2serveis.com\/es\/proyecto\/centro-logistico-tradeinn\/#breadcrumb","itemListElement":[{"@type":"ListItem","position":1,"name":"Inici","item":"https:\/\/www.at2serveis.com\/es\/home\/"},{"@type":"ListItem","position":2,"name":"Projectes","item":"https:\/\/www.at2serveis.com\/es\/proyecto\/"},{"@type":"ListItem","position":3,"name":"Centro Log\u00edstico TradeInn"}]},{"@type":"WebSite","@id":"https:\/\/www.at2serveis.com\/es\/#website","url":"https:\/\/www.at2serveis.com\/es\/","name":"AT2 SERVEIS","description":"Direcci\u00f3 i gesti\u00f3 d&#039;obra","publisher":{"@id":"https:\/\/www.at2serveis.com\/es\/#organization"},"alternateName":"AT2 SERVEIS - Gesti\u00f3 en edificaci\u00f3","potentialAction":[{"@type":"SearchAction","target":{"@type":"EntryPoint","urlTemplate":"https:\/\/www.at2serveis.com\/es\/?s={search_term_string}"},"query-input":{"@type":"PropertyValueSpecification","valueRequired":true,"valueName":"search_term_string"}}],"inLanguage":"es"},{"@type":"Organization","@id":"https:\/\/www.at2serveis.com\/es\/#organization","name":"AT2 SERVEIS","alternateName":"AT2 SERVEIS - Gesti\u00f3 en edificaci\u00f3","url":"https:\/\/www.at2serveis.com\/es\/","logo":{"@type":"ImageObject","inLanguage":"es","@id":"https:\/\/www.at2serveis.com\/es\/#\/schema\/logo\/image\/","url":"https:\/\/www.at2serveis.com\/wp-content\/uploads\/2024\/11\/AT2-Serveis-Navicon.png","contentUrl":"https:\/\/www.at2serveis.com\/wp-content\/uploads\/2024\/11\/AT2-Serveis-Navicon.png","width":512,"height":512,"caption":"AT2 SERVEIS"},"image":{"@id":"https:\/\/www.at2serveis.com\/es\/#\/schema\/logo\/image\/"}}]}},"_links":{"self":[{"href":"https:\/\/www.at2serveis.com\/es\/wp-json\/wp\/v2\/projecte\/1670","targetHints":{"allow":["GET"]}}],"collection":[{"href":"https:\/\/www.at2serveis.com\/es\/wp-json\/wp\/v2\/projecte"}],"about":[{"href":"https:\/\/www.at2serveis.com\/es\/wp-json\/wp\/v2\/types\/projecte"}],"version-history":[{"count":1,"href":"https:\/\/www.at2serveis.com\/es\/wp-json\/wp\/v2\/projecte\/1670\/revisions"}],"predecessor-version":[{"id":1785,"href":"https:\/\/www.at2serveis.com\/es\/wp-json\/wp\/v2\/projecte\/1670\/revisions\/1785"}],"wp:featuredmedia":[{"embeddable":true,"href":"https:\/\/www.at2serveis.com\/es\/wp-json\/wp\/v2\/media\/1502"}],"wp:attachment":[{"href":"https:\/\/www.at2serveis.com\/es\/wp-json\/wp\/v2\/media?parent=1670"}],"wp:term":[{"taxonomy":"tipologia-de-projecte","embeddable":true,"href":"https:\/\/www.at2serveis.com\/es\/wp-json\/wp\/v2\/tipologia-de-projecte?post=1670"}],"curies":[{"name":"wp","href":"https:\/\/api.w.org\/{rel}","templated":true}]}}

Centro Logístico TradeInn

<p>AT2 Serveis se encargó de la <strong>dirección y gestión de obra, el proyecto de reforma, el proyecto medioambiental de actividades y el proyecto contra incendios</strong>. Este centro, localizado en Celrà, cuenta con una superficie de 12.000 m2.</p>

<!-- This site is optimized with the Yoast SEO plugin v25.5 - https://yoast.com/wordpress/plugins/seo/ -->
<title>Proyecto Centro Logístico TradeInn | AT2 SERVEIS</title>
<meta name="description" content="AT2 Serveis ha realizado la dirección y gestión de obra, proyecto de reforma, proyecto medioambiental de actividades y proyecto contra incendios." />
<meta name="robots" content="index, follow, max-snippet:-1, max-image-preview:large, max-video-preview:-1" />
<link rel="canonical" href="https://www.at2serveis.com/es/proyecto/centro-logistico-tradeinn/" />
<meta property="og:locale" content="es_ES" />
<meta property="og:type" content="article" />
<meta property="og:title" content="Proyecto Centro Logístico TradeInn | AT2 SERVEIS" />
<meta property="og:description" content="AT2 Serveis ha realizado la dirección y gestión de obra, proyecto de reforma, proyecto medioambiental de actividades y proyecto contra incendios." />
<meta property="og:url" content="https://www.at2serveis.com/es/proyecto/centro-logistico-tradeinn/" />
<meta property="og:site_name" content="AT2 SERVEIS" />
<meta property="article:modified_time" content="2025-02-18T12:28:03+00:00" />
<meta property="og:image" content="https://www.at2serveis.com/wp-content/uploads/2025/01/Centre-logistic-TradeInn-00005.webp" />
	<meta property="og:image:width" content="1011" />
	<meta property="og:image:height" content="758" />
	<meta property="og:image:type" content="image/webp" />
<meta name="twitter:card" content="summary_large_image" />
<meta name="twitter:label1" content="Tiempo de lectura" />
	<meta name="twitter:data1" content="1 minuto" />
<script type="application/ld+json" class="yoast-schema-graph">{"@context":"https://schema.org","@graph":[{"@type":"WebPage","@id":"https://www.at2serveis.com/es/proyecto/centro-logistico-tradeinn/","url":"https://www.at2serveis.com/es/proyecto/centro-logistico-tradeinn/","name":"Proyecto Centro Logístico TradeInn | AT2 SERVEIS","isPartOf":{"@id":"https://www.at2serveis.com/es/#website"},"primaryImageOfPage":{"@id":"https://www.at2serveis.com/es/proyecto/centro-logistico-tradeinn/#primaryimage"},"image":{"@id":"https://www.at2serveis.com/es/proyecto/centro-logistico-tradeinn/#primaryimage"},"thumbnailUrl":"https://www.at2serveis.com/wp-content/uploads/2025/01/Centre-logistic-TradeInn-00005.webp","datePublished":"2025-01-15T10:56:03+00:00","dateModified":"2025-02-18T12:28:03+00:00","description":"AT2 Serveis ha realizado la dirección y gestión de obra, proyecto de reforma, proyecto medioambiental de actividades y proyecto contra incendios.","breadcrumb":{"@id":"https://www.at2serveis.com/es/proyecto/centro-logistico-tradeinn/#breadcrumb"},"inLanguage":"es","potentialAction":[{"@type":"ReadAction","target":["https://www.at2serveis.com/es/proyecto/centro-logistico-tradeinn/"]}]},{"@type":"ImageObject","inLanguage":"es","@id":"https://www.at2serveis.com/es/proyecto/centro-logistico-tradeinn/#primaryimage","url":"https://www.at2serveis.com/wp-content/uploads/2025/01/Centre-logistic-TradeInn-00005.webp","contentUrl":"https://www.at2serveis.com/wp-content/uploads/2025/01/Centre-logistic-TradeInn-00005.webp","width":1011,"height":758,"caption":"Centre logistic TradeInn"},{"@type":"BreadcrumbList","@id":"https://www.at2serveis.com/es/proyecto/centro-logistico-tradeinn/#breadcrumb","itemListElement":[{"@type":"ListItem","position":1,"name":"Inici","item":"https://www.at2serveis.com/es/home/"},{"@type":"ListItem","position":2,"name":"Projectes","item":"https://www.at2serveis.com/es/proyecto/"},{"@type":"ListItem","position":3,"name":"Centro Logístico TradeInn"}]},{"@type":"WebSite","@id":"https://www.at2serveis.com/es/#website","url":"https://www.at2serveis.com/es/","name":"AT2 SERVEIS","description":"Direcció i gestió d&#039;obra","publisher":{"@id":"https://www.at2serveis.com/es/#organization"},"alternateName":"AT2 SERVEIS - Gestió en edificació","potentialAction":[{"@type":"SearchAction","target":{"@type":"EntryPoint","urlTemplate":"https://www.at2serveis.com/es/?s={search_term_string}"},"query-input":{"@type":"PropertyValueSpecification","valueRequired":true,"valueName":"search_term_string"}}],"inLanguage":"es"},{"@type":"Organization","@id":"https://www.at2serveis.com/es/#organization","name":"AT2 SERVEIS","alternateName":"AT2 SERVEIS - Gestió en edificació","url":"https://www.at2serveis.com/es/","logo":{"@type":"ImageObject","inLanguage":"es","@id":"https://www.at2serveis.com/es/#/schema/logo/image/","url":"https://www.at2serveis.com/wp-content/uploads/2024/11/AT2-Serveis-Navicon.png","contentUrl":"https://www.at2serveis.com/wp-content/uploads/2024/11/AT2-Serveis-Navicon.png","width":512,"height":512,"caption":"AT2 SERVEIS"},"image":{"@id":"https://www.at2serveis.com/es/#/schema/logo/image/"}}]}</script>
<!-- / Yoast SEO plugin. -->

Proyecto Centro Logístico TradeInn | AT2 SERVEIS

AT2 Serveis ha realizado la dirección y gestión de obra, proyecto de reforma, proyecto medioambiental de actividades y proyecto contra incendios.

Direcció i gestió d&#039;obra

AT2 SERVEIS - Gestió en edificació
