{"id":1674,"date":"2025-01-14T17:06:58","date_gmt":"2025-01-14T16:06:58","guid":{"rendered":"https:\/\/www.at2serveis.com\/projecte\/guarderia-viladecans\/"},"modified":"2025-02-18T13:36:54","modified_gmt":"2025-02-18T12:36:54","slug":"guarderia-viladecans","status":"publish","type":"projecte","link":"https:\/\/www.at2serveis.com\/es\/proyecto\/guarderia-viladecans\/","title":{"rendered":"Guarder\u00eda Viladecans"},"content":{"rendered":"<p>AT2 Serveis llev\u00f3 la <strong>direcci\u00f3n de obra, control de calidad y coordinaci\u00f3n de Seguridad y Salud<\/strong> de esta guarder\u00eda, localizada en Viladecans y dise\u00f1ada por Jordi Hidalgo.<\/p>\n<div id=\"gtx-trans\" style=\"position: absolute; left: -60px; top: 1px;\">\n<div class=\"gtx-trans-icon\"><\/div>\n<\/div>\n","protected":false},"featured_media":1479,"parent":0,"template":"","meta":{"_acf_changed":false,"neve_meta_sidebar":"","neve_meta_container":"","neve_meta_enable_content_width":"","neve_meta_content_width":0,"neve_meta_title_alignment":"","neve_meta_author_avatar":"","neve_post_elements_order":"","neve_meta_disable_header":"","neve_meta_disable_footer":"","neve_meta_disable_title":"","footnotes":""},"tipologia-de-projecte":[13],"class_list":["post-1674","projecte","type-projecte","status-publish","has-post-thumbnail","hentry","tipologia-de-projecte-edificis-dus-docent"],"acf":[],"yoast_head":"<!-- This site is optimized with the Yoast SEO plugin v25.5 - https:\/\/yoast.com\/wordpress\/plugins\/seo\/ -->\n<title>Proyecto Guarder\u00eda Viladecans | AT2 SERVEIS<\/title>\n<meta name=\"description\" content=\"AT2 Serveis llev\u00f3 la direcci\u00f3n de obra, control de calidad y coordinaci\u00f3n de Seguridad y Salud de esta guarder\u00eda.\" \/>\n<meta name=\"robots\" content=\"index, follow, max-snippet:-1, max-image-preview:large, max-video-preview:-1\" \/>\n<link rel=\"canonical\" href=\"https:\/\/www.at2serveis.com\/es\/proyecto\/guarderia-viladecans\/\" \/>\n<meta property=\"og:locale\" content=\"es_ES\" \/>\n<meta property=\"og:type\" content=\"article\" \/>\n<meta property=\"og:title\" content=\"Proyecto Guarder\u00eda Viladecans | AT2 SERVEIS\" \/>\n<meta property=\"og:description\" content=\"AT2 Serveis llev\u00f3 la direcci\u00f3n de obra, control de calidad y coordinaci\u00f3n de Seguridad y Salud de esta guarder\u00eda.\" \/>\n<meta property=\"og:url\" content=\"https:\/\/www.at2serveis.com\/es\/proyecto\/guarderia-viladecans\/\" \/>\n<meta property=\"og:site_name\" content=\"AT2 SERVEIS\" \/>\n<meta property=\"article:modified_time\" content=\"2025-02-18T12:36:54+00:00\" \/>\n<meta property=\"og:image\" content=\"https:\/\/www.at2serveis.com\/wp-content\/uploads\/2025\/01\/Escola-Bressol-Viladecans-00001.webp\" \/>\n\t<meta property=\"og:image:width\" content=\"669\" \/>\n\t<meta property=\"og:image:height\" content=\"375\" \/>\n\t<meta property=\"og:image:type\" content=\"image\/webp\" \/>\n<meta name=\"twitter:card\" content=\"summary_large_image\" \/>\n<meta name=\"twitter:label1\" content=\"Tiempo de lectura\" \/>\n\t<meta name=\"twitter:data1\" content=\"1 minuto\" \/>\n<script type=\"application\/ld+json\" class=\"yoast-schema-graph\">{\"@context\":\"https:\/\/schema.org\",\"@graph\":[{\"@type\":\"WebPage\",\"@id\":\"https:\/\/www.at2serveis.com\/es\/proyecto\/guarderia-viladecans\/\",\"url\":\"https:\/\/www.at2serveis.com\/es\/proyecto\/guarderia-viladecans\/\",\"name\":\"Proyecto Guarder\u00eda Viladecans | AT2 SERVEIS\",\"isPartOf\":{\"@id\":\"https:\/\/www.at2serveis.com\/es\/#website\"},\"primaryImageOfPage\":{\"@id\":\"https:\/\/www.at2serveis.com\/es\/proyecto\/guarderia-viladecans\/#primaryimage\"},\"image\":{\"@id\":\"https:\/\/www.at2serveis.com\/es\/proyecto\/guarderia-viladecans\/#primaryimage\"},\"thumbnailUrl\":\"https:\/\/www.at2serveis.com\/wp-content\/uploads\/2025\/01\/Escola-Bressol-Viladecans-00001.webp\",\"datePublished\":\"2025-01-14T16:06:58+00:00\",\"dateModified\":\"2025-02-18T12:36:54+00:00\",\"description\":\"AT2 Serveis llev\u00f3 la direcci\u00f3n de obra, control de calidad y coordinaci\u00f3n de Seguridad y Salud de esta guarder\u00eda.\",\"breadcrumb\":{\"@id\":\"https:\/\/www.at2serveis.com\/es\/proyecto\/guarderia-viladecans\/#breadcrumb\"},\"inLanguage\":\"es\",\"potentialAction\":[{\"@type\":\"ReadAction\",\"target\":[\"https:\/\/www.at2serveis.com\/es\/proyecto\/guarderia-viladecans\/\"]}]},{\"@type\":\"ImageObject\",\"inLanguage\":\"es\",\"@id\":\"https:\/\/www.at2serveis.com\/es\/proyecto\/guarderia-viladecans\/#primaryimage\",\"url\":\"https:\/\/www.at2serveis.com\/wp-content\/uploads\/2025\/01\/Escola-Bressol-Viladecans-00001.webp\",\"contentUrl\":\"https:\/\/www.at2serveis.com\/wp-content\/uploads\/2025\/01\/Escola-Bressol-Viladecans-00001.webp\",\"width\":669,\"height\":375,\"caption\":\"Escola Bressol Viladecans\"},{\"@type\":\"BreadcrumbList\",\"@id\":\"https:\/\/www.at2serveis.com\/es\/proyecto\/guarderia-viladecans\/#breadcrumb\",\"itemListElement\":[{\"@type\":\"ListItem\",\"position\":1,\"name\":\"Inici\",\"item\":\"https:\/\/www.at2serveis.com\/es\/home\/\"},{\"@type\":\"ListItem\",\"position\":2,\"name\":\"Projectes\",\"item\":\"https:\/\/www.at2serveis.com\/es\/proyecto\/\"},{\"@type\":\"ListItem\",\"position\":3,\"name\":\"Guarder\u00eda Viladecans\"}]},{\"@type\":\"WebSite\",\"@id\":\"https:\/\/www.at2serveis.com\/es\/#website\",\"url\":\"https:\/\/www.at2serveis.com\/es\/\",\"name\":\"AT2 SERVEIS\",\"description\":\"Direcci\u00f3 i gesti\u00f3 d&#039;obra\",\"publisher\":{\"@id\":\"https:\/\/www.at2serveis.com\/es\/#organization\"},\"alternateName\":\"AT2 SERVEIS - Gesti\u00f3 en edificaci\u00f3\",\"potentialAction\":[{\"@type\":\"SearchAction\",\"target\":{\"@type\":\"EntryPoint\",\"urlTemplate\":\"https:\/\/www.at2serveis.com\/es\/?s={search_term_string}\"},\"query-input\":{\"@type\":\"PropertyValueSpecification\",\"valueRequired\":true,\"valueName\":\"search_term_string\"}}],\"inLanguage\":\"es\"},{\"@type\":\"Organization\",\"@id\":\"https:\/\/www.at2serveis.com\/es\/#organization\",\"name\":\"AT2 SERVEIS\",\"alternateName\":\"AT2 SERVEIS - Gesti\u00f3 en edificaci\u00f3\",\"url\":\"https:\/\/www.at2serveis.com\/es\/\",\"logo\":{\"@type\":\"ImageObject\",\"inLanguage\":\"es\",\"@id\":\"https:\/\/www.at2serveis.com\/es\/#\/schema\/logo\/image\/\",\"url\":\"https:\/\/www.at2serveis.com\/wp-content\/uploads\/2024\/11\/AT2-Serveis-Navicon.png\",\"contentUrl\":\"https:\/\/www.at2serveis.com\/wp-content\/uploads\/2024\/11\/AT2-Serveis-Navicon.png\",\"width\":512,\"height\":512,\"caption\":\"AT2 SERVEIS\"},\"image\":{\"@id\":\"https:\/\/www.at2serveis.com\/es\/#\/schema\/logo\/image\/\"}}]}<\/script>\n<!-- \/ Yoast SEO plugin. -->","yoast_head_json":{"title":"Proyecto Guarder\u00eda Viladecans | AT2 SERVEIS","description":"AT2 Serveis llev\u00f3 la direcci\u00f3n de obra, control de calidad y coordinaci\u00f3n de Seguridad y Salud de esta guarder\u00eda.","robots":{"index":"index","follow":"follow","max-snippet":"max-snippet:-1","max-image-preview":"max-image-preview:large","max-video-preview":"max-video-preview:-1"},"canonical":"https:\/\/www.at2serveis.com\/es\/proyecto\/guarderia-viladecans\/","og_locale":"es_ES","og_type":"article","og_title":"Proyecto Guarder\u00eda Viladecans | AT2 SERVEIS","og_description":"AT2 Serveis llev\u00f3 la direcci\u00f3n de obra, control de calidad y coordinaci\u00f3n de Seguridad y Salud de esta guarder\u00eda.","og_url":"https:\/\/www.at2serveis.com\/es\/proyecto\/guarderia-viladecans\/","og_site_name":"AT2 SERVEIS","article_modified_time":"2025-02-18T12:36:54+00:00","og_image":[{"width":669,"height":375,"url":"https:\/\/www.at2serveis.com\/wp-content\/uploads\/2025\/01\/Escola-Bressol-Viladecans-00001.webp","type":"image\/webp"}],"twitter_card":"summary_large_image","twitter_misc":{"Tiempo de lectura":"1 minuto"},"schema":{"@context":"https:\/\/schema.org","@graph":[{"@type":"WebPage","@id":"https:\/\/www.at2serveis.com\/es\/proyecto\/guarderia-viladecans\/","url":"https:\/\/www.at2serveis.com\/es\/proyecto\/guarderia-viladecans\/","name":"Proyecto Guarder\u00eda Viladecans | AT2 SERVEIS","isPartOf":{"@id":"https:\/\/www.at2serveis.com\/es\/#website"},"primaryImageOfPage":{"@id":"https:\/\/www.at2serveis.com\/es\/proyecto\/guarderia-viladecans\/#primaryimage"},"image":{"@id":"https:\/\/www.at2serveis.com\/es\/proyecto\/guarderia-viladecans\/#primaryimage"},"thumbnailUrl":"https:\/\/www.at2serveis.com\/wp-content\/uploads\/2025\/01\/Escola-Bressol-Viladecans-00001.webp","datePublished":"2025-01-14T16:06:58+00:00","dateModified":"2025-02-18T12:36:54+00:00","description":"AT2 Serveis llev\u00f3 la direcci\u00f3n de obra, control de calidad y coordinaci\u00f3n de Seguridad y Salud de esta guarder\u00eda.","breadcrumb":{"@id":"https:\/\/www.at2serveis.com\/es\/proyecto\/guarderia-viladecans\/#breadcrumb"},"inLanguage":"es","potentialAction":[{"@type":"ReadAction","target":["https:\/\/www.at2serveis.com\/es\/proyecto\/guarderia-viladecans\/"]}]},{"@type":"ImageObject","inLanguage":"es","@id":"https:\/\/www.at2serveis.com\/es\/proyecto\/guarderia-viladecans\/#primaryimage","url":"https:\/\/www.at2serveis.com\/wp-content\/uploads\/2025\/01\/Escola-Bressol-Viladecans-00001.webp","contentUrl":"https:\/\/www.at2serveis.com\/wp-content\/uploads\/2025\/01\/Escola-Bressol-Viladecans-00001.webp","width":669,"height":375,"caption":"Escola Bressol Viladecans"},{"@type":"BreadcrumbList","@id":"https:\/\/www.at2serveis.com\/es\/proyecto\/guarderia-viladecans\/#breadcrumb","itemListElement":[{"@type":"ListItem","position":1,"name":"Inici","item":"https:\/\/www.at2serveis.com\/es\/home\/"},{"@type":"ListItem","position":2,"name":"Projectes","item":"https:\/\/www.at2serveis.com\/es\/proyecto\/"},{"@type":"ListItem","position":3,"name":"Guarder\u00eda Viladecans"}]},{"@type":"WebSite","@id":"https:\/\/www.at2serveis.com\/es\/#website","url":"https:\/\/www.at2serveis.com\/es\/","name":"AT2 SERVEIS","description":"Direcci\u00f3 i gesti\u00f3 d&#039;obra","publisher":{"@id":"https:\/\/www.at2serveis.com\/es\/#organization"},"alternateName":"AT2 SERVEIS - Gesti\u00f3 en edificaci\u00f3","potentialAction":[{"@type":"SearchAction","target":{"@type":"EntryPoint","urlTemplate":"https:\/\/www.at2serveis.com\/es\/?s={search_term_string}"},"query-input":{"@type":"PropertyValueSpecification","valueRequired":true,"valueName":"search_term_string"}}],"inLanguage":"es"},{"@type":"Organization","@id":"https:\/\/www.at2serveis.com\/es\/#organization","name":"AT2 SERVEIS","alternateName":"AT2 SERVEIS - Gesti\u00f3 en edificaci\u00f3","url":"https:\/\/www.at2serveis.com\/es\/","logo":{"@type":"ImageObject","inLanguage":"es","@id":"https:\/\/www.at2serveis.com\/es\/#\/schema\/logo\/image\/","url":"https:\/\/www.at2serveis.com\/wp-content\/uploads\/2024\/11\/AT2-Serveis-Navicon.png","contentUrl":"https:\/\/www.at2serveis.com\/wp-content\/uploads\/2024\/11\/AT2-Serveis-Navicon.png","width":512,"height":512,"caption":"AT2 SERVEIS"},"image":{"@id":"https:\/\/www.at2serveis.com\/es\/#\/schema\/logo\/image\/"}}]}},"_links":{"self":[{"href":"https:\/\/www.at2serveis.com\/es\/wp-json\/wp\/v2\/projecte\/1674","targetHints":{"allow":["GET"]}}],"collection":[{"href":"https:\/\/www.at2serveis.com\/es\/wp-json\/wp\/v2\/projecte"}],"about":[{"href":"https:\/\/www.at2serveis.com\/es\/wp-json\/wp\/v2\/types\/projecte"}],"version-history":[{"count":2,"href":"https:\/\/www.at2serveis.com\/es\/wp-json\/wp\/v2\/projecte\/1674\/revisions"}],"predecessor-version":[{"id":1795,"href":"https:\/\/www.at2serveis.com\/es\/wp-json\/wp\/v2\/projecte\/1674\/revisions\/1795"}],"wp:featuredmedia":[{"embeddable":true,"href":"https:\/\/www.at2serveis.com\/es\/wp-json\/wp\/v2\/media\/1479"}],"wp:attachment":[{"href":"https:\/\/www.at2serveis.com\/es\/wp-json\/wp\/v2\/media?parent=1674"}],"wp:term":[{"taxonomy":"tipologia-de-projecte","embeddable":true,"href":"https:\/\/www.at2serveis.com\/es\/wp-json\/wp\/v2\/tipologia-de-projecte?post=1674"}],"curies":[{"name":"wp","href":"https:\/\/api.w.org\/{rel}","templated":true}]}}

Guardería Viladecans

<p>AT2 Serveis llevó la <strong>dirección de obra, control de calidad y coordinación de Seguridad y Salud</strong> de esta guardería, localizada en Viladecans y diseñada por Jordi Hidalgo.</p>
<div id="gtx-trans" style="position: absolute; left: -60px; top: 1px;">
<div class="gtx-trans-icon"></div>
</div>

<!-- This site is optimized with the Yoast SEO plugin v25.5 - https://yoast.com/wordpress/plugins/seo/ -->
<title>Proyecto Guardería Viladecans | AT2 SERVEIS</title>
<meta name="description" content="AT2 Serveis llevó la dirección de obra, control de calidad y coordinación de Seguridad y Salud de esta guardería." />
<meta name="robots" content="index, follow, max-snippet:-1, max-image-preview:large, max-video-preview:-1" />
<link rel="canonical" href="https://www.at2serveis.com/es/proyecto/guarderia-viladecans/" />
<meta property="og:locale" content="es_ES" />
<meta property="og:type" content="article" />
<meta property="og:title" content="Proyecto Guardería Viladecans | AT2 SERVEIS" />
<meta property="og:description" content="AT2 Serveis llevó la dirección de obra, control de calidad y coordinación de Seguridad y Salud de esta guardería." />
<meta property="og:url" content="https://www.at2serveis.com/es/proyecto/guarderia-viladecans/" />
<meta property="og:site_name" content="AT2 SERVEIS" />
<meta property="article:modified_time" content="2025-02-18T12:36:54+00:00" />
<meta property="og:image" content="https://www.at2serveis.com/wp-content/uploads/2025/01/Escola-Bressol-Viladecans-00001.webp" />
	<meta property="og:image:width" content="669" />
	<meta property="og:image:height" content="375" />
	<meta property="og:image:type" content="image/webp" />
<meta name="twitter:card" content="summary_large_image" />
<meta name="twitter:label1" content="Tiempo de lectura" />
	<meta name="twitter:data1" content="1 minuto" />
<script type="application/ld+json" class="yoast-schema-graph">{"@context":"https://schema.org","@graph":[{"@type":"WebPage","@id":"https://www.at2serveis.com/es/proyecto/guarderia-viladecans/","url":"https://www.at2serveis.com/es/proyecto/guarderia-viladecans/","name":"Proyecto Guardería Viladecans | AT2 SERVEIS","isPartOf":{"@id":"https://www.at2serveis.com/es/#website"},"primaryImageOfPage":{"@id":"https://www.at2serveis.com/es/proyecto/guarderia-viladecans/#primaryimage"},"image":{"@id":"https://www.at2serveis.com/es/proyecto/guarderia-viladecans/#primaryimage"},"thumbnailUrl":"https://www.at2serveis.com/wp-content/uploads/2025/01/Escola-Bressol-Viladecans-00001.webp","datePublished":"2025-01-14T16:06:58+00:00","dateModified":"2025-02-18T12:36:54+00:00","description":"AT2 Serveis llevó la dirección de obra, control de calidad y coordinación de Seguridad y Salud de esta guardería.","breadcrumb":{"@id":"https://www.at2serveis.com/es/proyecto/guarderia-viladecans/#breadcrumb"},"inLanguage":"es","potentialAction":[{"@type":"ReadAction","target":["https://www.at2serveis.com/es/proyecto/guarderia-viladecans/"]}]},{"@type":"ImageObject","inLanguage":"es","@id":"https://www.at2serveis.com/es/proyecto/guarderia-viladecans/#primaryimage","url":"https://www.at2serveis.com/wp-content/uploads/2025/01/Escola-Bressol-Viladecans-00001.webp","contentUrl":"https://www.at2serveis.com/wp-content/uploads/2025/01/Escola-Bressol-Viladecans-00001.webp","width":669,"height":375,"caption":"Escola Bressol Viladecans"},{"@type":"BreadcrumbList","@id":"https://www.at2serveis.com/es/proyecto/guarderia-viladecans/#breadcrumb","itemListElement":[{"@type":"ListItem","position":1,"name":"Inici","item":"https://www.at2serveis.com/es/home/"},{"@type":"ListItem","position":2,"name":"Projectes","item":"https://www.at2serveis.com/es/proyecto/"},{"@type":"ListItem","position":3,"name":"Guardería Viladecans"}]},{"@type":"WebSite","@id":"https://www.at2serveis.com/es/#website","url":"https://www.at2serveis.com/es/","name":"AT2 SERVEIS","description":"Direcció i gestió d&#039;obra","publisher":{"@id":"https://www.at2serveis.com/es/#organization"},"alternateName":"AT2 SERVEIS - Gestió en edificació","potentialAction":[{"@type":"SearchAction","target":{"@type":"EntryPoint","urlTemplate":"https://www.at2serveis.com/es/?s={search_term_string}"},"query-input":{"@type":"PropertyValueSpecification","valueRequired":true,"valueName":"search_term_string"}}],"inLanguage":"es"},{"@type":"Organization","@id":"https://www.at2serveis.com/es/#organization","name":"AT2 SERVEIS","alternateName":"AT2 SERVEIS - Gestió en edificació","url":"https://www.at2serveis.com/es/","logo":{"@type":"ImageObject","inLanguage":"es","@id":"https://www.at2serveis.com/es/#/schema/logo/image/","url":"https://www.at2serveis.com/wp-content/uploads/2024/11/AT2-Serveis-Navicon.png","contentUrl":"https://www.at2serveis.com/wp-content/uploads/2024/11/AT2-Serveis-Navicon.png","width":512,"height":512,"caption":"AT2 SERVEIS"},"image":{"@id":"https://www.at2serveis.com/es/#/schema/logo/image/"}}]}</script>
<!-- / Yoast SEO plugin. -->

Proyecto Guardería Viladecans | AT2 SERVEIS

AT2 Serveis llevó la dirección de obra, control de calidad y coordinación de Seguridad y Salud de esta guardería.

Direcció i gestió d&#039;obra

AT2 SERVEIS - Gestió en edificació
